{"id":1209,"date":"2022-01-06T22:58:46","date_gmt":"2022-01-06T22:58:46","guid":{"rendered":"https:\/\/suapoderado.com\/?page_id=1209"},"modified":"2025-01-11T01:15:10","modified_gmt":"2025-01-11T01:15:10","slug":"vision","status":"publish","type":"page","link":"https:\/\/suapoderado.com\/index.php\/vision\/","title":{"rendered":"Visi\u00f3n"},"content":{"rendered":"\r\n\r\n\r\n<div class=\"wp-block-group\"><div class=\"wp-block-group__inner-container is-layout-constrained wp-block-group-is-layout-constrained\">\r\n<p><span style=\"font-size: 18pt;\">Ser reconocidos como la firma de abogados l\u00edder en soluciones jur\u00eddicas integrales, caracterizada por su \u00e9tica, excelencia profesional y compromiso con la justicia, brindando un servicio personalizado que promueva la confianza y la protecci\u00f3n de los derechos de nuestros clientes en todos los \u00e1mbitos del derecho. Queremos posicionarnos como un referente innovador en el uso de tecnolog\u00edas legales, asegurando un impacto positivo en la sociedad y consolidando relaciones sostenibles con nuestros clientes y aliados estrat\u00e9gicos.<\/span><\/p>\r\n\r\n\r\n<hr class=\"wp-block-separator has-alpha-channel-opacity\" \/><\/div><\/div>\r\n\r\n\r\n\r\n<h3 class=\"wp-block-heading\"><strong>Pilares de la Visi\u00f3n<\/strong><\/h3>\r\n\r\n\r\n\r\n<ol class=\"wp-block-list\">\r\n<li><span style=\"font-size: 14pt;\"><strong>Liderazgo en el Sector Jur\u00eddico:<\/strong><\/span>\r\n<ul class=\"wp-block-list\">\r\n<li><span style=\"font-size: 14pt;\">Convertirse en la primera opci\u00f3n para personas y empresas que buscan asesor\u00eda legal de calidad.<\/span><\/li>\r\n\r\n\r\n\r\n<li><span style=\"font-size: 14pt;\">Ser un ejemplo de profesionalismo en la pr\u00e1ctica jur\u00eddica.<\/span><\/li>\r\n<\/ul>\r\n<span style=\"font-size: 14pt;\"><\/span><\/li>\r\n\r\n\r\n\r\n<li><span style=\"font-size: 14pt;\"><strong>Compromiso con la Justicia y la \u00c9tica:<\/strong><\/span>\r\n<ul class=\"wp-block-list\">\r\n<li><span style=\"font-size: 14pt;\">Promover la defensa de los derechos fundamentales con transparencia y responsabilidad social.<\/span><\/li>\r\n<\/ul>\r\n<span style=\"font-size: 14pt;\"><\/span><\/li>\r\n\r\n\r\n\r\n<li><span style=\"font-size: 14pt;\"><strong>Innovaci\u00f3n Legal:<\/strong><\/span>\r\n<ul class=\"wp-block-list\">\r\n<li><span style=\"font-size: 14pt;\">Incorporar herramientas tecnol\u00f3gicas para ofrecer servicios m\u00e1s r\u00e1pidos, precisos y accesibles.<\/span><\/li>\r\n<\/ul>\r\n<span style=\"font-size: 14pt;\"><\/span><\/li>\r\n\r\n\r\n\r\n<li><span style=\"font-size: 14pt;\"><strong>Relaciones de Confianza:<\/strong><\/span>\r\n<ul class=\"wp-block-list\">\r\n<li><span style=\"font-size: 14pt;\">Construir lazos s\u00f3lidos y duraderos con nuestros clientes, basados en resultados efectivos y atenci\u00f3n personalizada.<\/span><\/li>\r\n<\/ul>\r\n<span style=\"font-size: 14pt;\"><\/span><\/li>\r\n\r\n\r\n\r\n<li><span style=\"font-size: 14pt;\"><strong>Impacto Social:<\/strong><\/span>\r\n<ul class=\"wp-block-list\">\r\n<li><span style=\"font-size: 14pt;\">Contribuir al fortalecimiento del acceso a la justicia para todos los sectores de la sociedad.<\/span><\/li>\r\n<\/ul>\r\n<\/li>\r\n<\/ol>\r\n","protected":false},"excerpt":{"rendered":"<p>Ser reconocidos como la firma de abogados l\u00edder en soluciones jur\u00eddicas integrales, caracterizada por su \u00e9tica, excelencia profesional y compromiso con la justicia, brindando un servicio personalizado que promueva la confianza y la protecci\u00f3n de los derechos de nuestros clientes en todos los \u00e1mbitos del derecho. Queremos posicionarnos como un referente innovador en el uso&#8230;<\/p>\n","protected":false},"author":1,"featured_media":0,"parent":0,"menu_order":0,"comment_status":"closed","ping_status":"closed","template":"","meta":{"_kadence_starter_templates_imported_post":false,"_kad_post_transparent":"default","_kad_post_title":"default","_kad_post_layout":"default","_kad_post_sidebar_id":"","_kad_post_content_style":"default","_kad_post_vertical_padding":"default","_kad_post_feature":"","_kad_post_feature_position":"","_kad_post_header":false,"_kad_post_footer":false,"footnotes":""},"class_list":["post-1209","page","type-page","status-publish","hentry"],"yoast_head":"<!-- This site is optimized with the Yoast SEO plugin v24.6 - https:\/\/yoast.com\/wordpress\/plugins\/seo\/ -->\n<title>Visi\u00f3n - Suapoderado<\/title>\n<meta name=\"robots\" content=\"index, follow, max-snippet:-1, max-image-preview:large, max-video-preview:-1\" \/>\n<link rel=\"canonical\" href=\"https:\/\/suapoderado.com\/index.php\/vision\/\" \/>\n<meta property=\"og:locale\" content=\"es_ES\" \/>\n<meta property=\"og:type\" content=\"article\" \/>\n<meta property=\"og:title\" content=\"Visi\u00f3n - Suapoderado\" \/>\n<meta property=\"og:description\" content=\"Ser reconocidos como la firma de abogados l\u00edder en soluciones jur\u00eddicas integrales, caracterizada por su \u00e9tica, excelencia profesional y compromiso con la justicia, brindando un servicio personalizado que promueva la confianza y la protecci\u00f3n de los derechos de nuestros clientes en todos los \u00e1mbitos del derecho. Queremos posicionarnos como un referente innovador en el uso...\" \/>\n<meta property=\"og:url\" content=\"https:\/\/suapoderado.com\/index.php\/vision\/\" \/>\n<meta property=\"og:site_name\" content=\"Suapoderado\" \/>\n<meta property=\"article:modified_time\" content=\"2025-01-11T01:15:10+00:00\" \/>\n<meta name=\"twitter:card\" content=\"summary_large_image\" \/>\n<meta name=\"twitter:label1\" content=\"Tiempo de lectura\" \/>\n\t<meta name=\"twitter:data1\" content=\"1 minuto\" \/>\n<script type=\"application\/ld+json\" class=\"yoast-schema-graph\">{\"@context\":\"https:\/\/schema.org\",\"@graph\":[{\"@type\":\"WebPage\",\"@id\":\"https:\/\/suapoderado.com\/index.php\/vision\/\",\"url\":\"https:\/\/suapoderado.com\/index.php\/vision\/\",\"name\":\"Visi\u00f3n - Suapoderado\",\"isPartOf\":{\"@id\":\"https:\/\/suapoderado.com\/#website\"},\"datePublished\":\"2022-01-06T22:58:46+00:00\",\"dateModified\":\"2025-01-11T01:15:10+00:00\",\"breadcrumb\":{\"@id\":\"https:\/\/suapoderado.com\/index.php\/vision\/#breadcrumb\"},\"inLanguage\":\"es-CO\",\"potentialAction\":[{\"@type\":\"ReadAction\",\"target\":[\"https:\/\/suapoderado.com\/index.php\/vision\/\"]}]},{\"@type\":\"BreadcrumbList\",\"@id\":\"https:\/\/suapoderado.com\/index.php\/vision\/#breadcrumb\",\"itemListElement\":[{\"@type\":\"ListItem\",\"position\":1,\"name\":\"Inicio\",\"item\":\"https:\/\/suapoderado.com\/\"},{\"@type\":\"ListItem\",\"position\":2,\"name\":\"Visi\u00f3n\"}]},{\"@type\":\"WebSite\",\"@id\":\"https:\/\/suapoderado.com\/#website\",\"url\":\"https:\/\/suapoderado.com\/\",\"name\":\"Suapoderado\",\"description\":\"Ferrer &amp; Hern\u00e1ndez Abogados\",\"publisher\":{\"@id\":\"https:\/\/suapoderado.com\/#organization\"},\"potentialAction\":[{\"@type\":\"SearchAction\",\"target\":{\"@type\":\"EntryPoint\",\"urlTemplate\":\"https:\/\/suapoderado.com\/?s={search_term_string}\"},\"query-input\":{\"@type\":\"PropertyValueSpecification\",\"valueRequired\":true,\"valueName\":\"search_term_string\"}}],\"inLanguage\":\"es-CO\"},{\"@type\":\"Organization\",\"@id\":\"https:\/\/suapoderado.com\/#organization\",\"name\":\"Suapoderado\",\"alternateName\":\"Ferrer & Hernandez Abogados\",\"url\":\"https:\/\/suapoderado.com\/\",\"logo\":{\"@type\":\"ImageObject\",\"inLanguage\":\"es-CO\",\"@id\":\"https:\/\/suapoderado.com\/#\/schema\/logo\/image\/\",\"url\":\"http:\/\/www.suapoderado.com\/wp-content\/uploads\/2025\/02\/favicon_suapoderado_final_48x48.png\",\"contentUrl\":\"http:\/\/www.suapoderado.com\/wp-content\/uploads\/2025\/02\/favicon_suapoderado_final_48x48.png\",\"width\":48,\"height\":48,\"caption\":\"Suapoderado\"},\"image\":{\"@id\":\"https:\/\/suapoderado.com\/#\/schema\/logo\/image\/\"}}]}<\/script>\n<!-- \/ Yoast SEO plugin. -->","yoast_head_json":{"title":"Visi\u00f3n - Suapoderado","robots":{"index":"index","follow":"follow","max-snippet":"max-snippet:-1","max-image-preview":"max-image-preview:large","max-video-preview":"max-video-preview:-1"},"canonical":"https:\/\/suapoderado.com\/index.php\/vision\/","og_locale":"es_ES","og_type":"article","og_title":"Visi\u00f3n - Suapoderado","og_description":"Ser reconocidos como la firma de abogados l\u00edder en soluciones jur\u00eddicas integrales, caracterizada por su \u00e9tica, excelencia profesional y compromiso con la justicia, brindando un servicio personalizado que promueva la confianza y la protecci\u00f3n de los derechos de nuestros clientes en todos los \u00e1mbitos del derecho. Queremos posicionarnos como un referente innovador en el uso...","og_url":"https:\/\/suapoderado.com\/index.php\/vision\/","og_site_name":"Suapoderado","article_modified_time":"2025-01-11T01:15:10+00:00","twitter_card":"summary_large_image","twitter_misc":{"Tiempo de lectura":"1 minuto"},"schema":{"@context":"https:\/\/schema.org","@graph":[{"@type":"WebPage","@id":"https:\/\/suapoderado.com\/index.php\/vision\/","url":"https:\/\/suapoderado.com\/index.php\/vision\/","name":"Visi\u00f3n - Suapoderado","isPartOf":{"@id":"https:\/\/suapoderado.com\/#website"},"datePublished":"2022-01-06T22:58:46+00:00","dateModified":"2025-01-11T01:15:10+00:00","breadcrumb":{"@id":"https:\/\/suapoderado.com\/index.php\/vision\/#breadcrumb"},"inLanguage":"es-CO","potentialAction":[{"@type":"ReadAction","target":["https:\/\/suapoderado.com\/index.php\/vision\/"]}]},{"@type":"BreadcrumbList","@id":"https:\/\/suapoderado.com\/index.php\/vision\/#breadcrumb","itemListElement":[{"@type":"ListItem","position":1,"name":"Inicio","item":"https:\/\/suapoderado.com\/"},{"@type":"ListItem","position":2,"name":"Visi\u00f3n"}]},{"@type":"WebSite","@id":"https:\/\/suapoderado.com\/#website","url":"https:\/\/suapoderado.com\/","name":"Suapoderado","description":"Ferrer &amp; Hern\u00e1ndez Abogados","publisher":{"@id":"https:\/\/suapoderado.com\/#organization"},"potentialAction":[{"@type":"SearchAction","target":{"@type":"EntryPoint","urlTemplate":"https:\/\/suapoderado.com\/?s={search_term_string}"},"query-input":{"@type":"PropertyValueSpecification","valueRequired":true,"valueName":"search_term_string"}}],"inLanguage":"es-CO"},{"@type":"Organization","@id":"https:\/\/suapoderado.com\/#organization","name":"Suapoderado","alternateName":"Ferrer & Hernandez Abogados","url":"https:\/\/suapoderado.com\/","logo":{"@type":"ImageObject","inLanguage":"es-CO","@id":"https:\/\/suapoderado.com\/#\/schema\/logo\/image\/","url":"http:\/\/www.suapoderado.com\/wp-content\/uploads\/2025\/02\/favicon_suapoderado_final_48x48.png","contentUrl":"http:\/\/www.suapoderado.com\/wp-content\/uploads\/2025\/02\/favicon_suapoderado_final_48x48.png","width":48,"height":48,"caption":"Suapoderado"},"image":{"@id":"https:\/\/suapoderado.com\/#\/schema\/logo\/image\/"}}]}},"_links":{"self":[{"href":"https:\/\/suapoderado.com\/index.php\/wp-json\/wp\/v2\/pages\/1209","targetHints":{"allow":["GET"]}}],"collection":[{"href":"https:\/\/suapoderado.com\/index.php\/wp-json\/wp\/v2\/pages"}],"about":[{"href":"https:\/\/suapoderado.com\/index.php\/wp-json\/wp\/v2\/types\/page"}],"author":[{"embeddable":true,"href":"https:\/\/suapoderado.com\/index.php\/wp-json\/wp\/v2\/users\/1"}],"replies":[{"embeddable":true,"href":"https:\/\/suapoderado.com\/index.php\/wp-json\/wp\/v2\/comments?post=1209"}],"version-history":[{"count":7,"href":"https:\/\/suapoderado.com\/index.php\/wp-json\/wp\/v2\/pages\/1209\/revisions"}],"predecessor-version":[{"id":2691,"href":"https:\/\/suapoderado.com\/index.php\/wp-json\/wp\/v2\/pages\/1209\/revisions\/2691"}],"wp:attachment":[{"href":"https:\/\/suapoderado.com\/index.php\/wp-json\/wp\/v2\/media?parent=1209"}],"curies":[{"name":"wp","href":"https:\/\/api.w.org\/{rel}","templated":true}]}}

Visión

<div class="wp-block-group"><div class="wp-block-group__inner-container is-layout-constrained wp-block-group-is-layout-constrained">
<p><span style="font-size: 18pt;">Ser reconocidos como la firma de abogados líder en soluciones jurídicas integrales, caracterizada por su ética, excelencia profesional y compromiso con la justicia, brindando un servicio personalizado que promueva la confianza y la protección de los derechos de nuestros clientes en todos los ámbitos del derecho. Queremos posicionarnos como un referente innovador en el uso de tecnologías legales, asegurando un impacto positivo en la sociedad y consolidando relaciones sostenibles con nuestros clientes y aliados estratégicos.</span></p>


<hr class="wp-block-separator has-alpha-channel-opacity" /></div></div>



<h3 class="wp-block-heading"><strong>Pilares de la Visión</strong></h3>



<ol class="wp-block-list">
<li><span style="font-size: 14pt;"><strong>Liderazgo en el Sector Jurídico:</strong></span>
<ul class="wp-block-list">
<li><span style="font-size: 14pt;">Convertirse en la primera opción para personas y empresas que buscan asesoría legal de calidad.</span></li>



<li><span style="font-size: 14pt;">Ser un ejemplo de profesionalismo en la práctica jurídica.</span></li>
</ul>
<span style="font-size: 14pt;"></span></li>



<li><span style="font-size: 14pt;"><strong>Compromiso con la Justicia y la Ética:</strong></span>
<ul class="wp-block-list">
<li><span style="font-size: 14pt;">Promover la defensa de los derechos fundamentales con transparencia y responsabilidad social.</span></li>
</ul>
<span style="font-size: 14pt;"></span></li>



<li><span style="font-size: 14pt;"><strong>Innovación Legal:</strong></span>
<ul class="wp-block-list">
<li><span style="font-size: 14pt;">Incorporar herramientas tecnológicas para ofrecer servicios más rápidos, precisos y accesibles.</span></li>
</ul>
<span style="font-size: 14pt;"></span></li>



<li><span style="font-size: 14pt;"><strong>Relaciones de Confianza:</strong></span>
<ul class="wp-block-list">
<li><span style="font-size: 14pt;">Construir lazos sólidos y duraderos con nuestros clientes, basados en resultados efectivos y atención personalizada.</span></li>
</ul>
<span style="font-size: 14pt;"></span></li>



<li><span style="font-size: 14pt;"><strong>Impacto Social:</strong></span>
<ul class="wp-block-list">
<li><span style="font-size: 14pt;">Contribuir al fortalecimiento del acceso a la justicia para todos los sectores de la sociedad.</span></li>
</ul>
</li>
</ol>

<p>Ser reconocidos como la firma de abogados líder en soluciones jurídicas integrales, caracterizada por su ética, excelencia profesional y compromiso con la justicia, brindando un servicio personalizado que promueva la confianza y la protección de los derechos de nuestros clientes en todos los ámbitos del derecho. Queremos posicionarnos como un referente innovador en el uso&#8230;</p>

<!-- This site is optimized with the Yoast SEO plugin v24.6 - https://yoast.com/wordpress/plugins/seo/ -->
<title>Visión - Suapoderado</title>
<meta name="robots" content="index, follow, max-snippet:-1, max-image-preview:large, max-video-preview:-1" />
<link rel="canonical" href="https://suapoderado.com/index.php/vision/" />
<meta property="og:locale" content="es_ES" />
<meta property="og:type" content="article" />
<meta property="og:title" content="Visión - Suapoderado" />
<meta property="og:description" content="Ser reconocidos como la firma de abogados líder en soluciones jurídicas integrales, caracterizada por su ética, excelencia profesional y compromiso con la justicia, brindando un servicio personalizado que promueva la confianza y la protección de los derechos de nuestros clientes en todos los ámbitos del derecho. Queremos posicionarnos como un referente innovador en el uso..." />
<meta property="og:url" content="https://suapoderado.com/index.php/vision/" />
<meta property="og:site_name" content="Suapoderado" />
<meta property="article:modified_time" content="2025-01-11T01:15:10+00:00" />
<meta name="twitter:card" content="summary_large_image" />
<meta name="twitter:label1" content="Tiempo de lectura" />
	<meta name="twitter:data1" content="1 minuto" />
<script type="application/ld+json" class="yoast-schema-graph">{"@context":"https://schema.org","@graph":[{"@type":"WebPage","@id":"https://suapoderado.com/index.php/vision/","url":"https://suapoderado.com/index.php/vision/","name":"Visión - Suapoderado","isPartOf":{"@id":"https://suapoderado.com/#website"},"datePublished":"2022-01-06T22:58:46+00:00","dateModified":"2025-01-11T01:15:10+00:00","breadcrumb":{"@id":"https://suapoderado.com/index.php/vision/#breadcrumb"},"inLanguage":"es-CO","potentialAction":[{"@type":"ReadAction","target":["https://suapoderado.com/index.php/vision/"]}]},{"@type":"BreadcrumbList","@id":"https://suapoderado.com/index.php/vision/#breadcrumb","itemListElement":[{"@type":"ListItem","position":1,"name":"Inicio","item":"https://suapoderado.com/"},{"@type":"ListItem","position":2,"name":"Visión"}]},{"@type":"WebSite","@id":"https://suapoderado.com/#website","url":"https://suapoderado.com/","name":"Suapoderado","description":"Ferrer &amp; Hernández Abogados","publisher":{"@id":"https://suapoderado.com/#organization"},"potentialAction":[{"@type":"SearchAction","target":{"@type":"EntryPoint","urlTemplate":"https://suapoderado.com/?s={search_term_string}"},"query-input":{"@type":"PropertyValueSpecification","valueRequired":true,"valueName":"search_term_string"}}],"inLanguage":"es-CO"},{"@type":"Organization","@id":"https://suapoderado.com/#organization","name":"Suapoderado","alternateName":"Ferrer & Hernandez Abogados","url":"https://suapoderado.com/","logo":{"@type":"ImageObject","inLanguage":"es-CO","@id":"https://suapoderado.com/#/schema/logo/image/","url":"http://www.suapoderado.com/wp-content/uploads/2025/02/favicon_suapoderado_final_48x48.png","contentUrl":"http://www.suapoderado.com/wp-content/uploads/2025/02/favicon_suapoderado_final_48x48.png","width":48,"height":48,"caption":"Suapoderado"},"image":{"@id":"https://suapoderado.com/#/schema/logo/image/"}}]}</script>
<!-- / Yoast SEO plugin. -->

Visión - Suapoderado

Ser reconocidos como la firma de abogados líder en soluciones jurídicas integrales, caracterizada por su ética, excelencia profesional y compromiso con la justicia, brindando un servicio personalizado que promueva la confianza y la protección de los derechos de nuestros clientes en todos los ámbitos del derecho. Queremos posicionarnos como un referente innovador en el uso...

Ferrer &amp; Hernández Abogados
