{"id":2065,"date":"2024-02-19T03:55:10","date_gmt":"2024-02-19T03:55:10","guid":{"rendered":"https:\/\/www.suapoderado.com\/?page_id=2065"},"modified":"2025-02-10T03:00:41","modified_gmt":"2025-02-10T03:00:41","slug":"acciones-populares","status":"publish","type":"page","link":"https:\/\/suapoderado.com\/index.php\/acciones-populares\/","title":{"rendered":"Acciones Grupo"},"content":{"rendered":"\n<div style=\"height:100px\" aria-hidden=\"true\" class=\"wp-block-spacer\"><\/div>\n\n\n\n<div class=\"wp-block-columns is-layout-flex wp-container-core-columns-is-layout-1 wp-block-columns-is-layout-flex\">\n<div class=\"wp-block-column is-layout-flow wp-block-column-is-layout-flow\" style=\"flex-basis:33.33%\">\n<figure class=\"wp-block-image size-full\"><img fetchpriority=\"high\" decoding=\"async\" width=\"1024\" height=\"1024\" src=\"http:\/\/www.suapoderado.com\/wp-content\/uploads\/2024\/02\/1d702d53-f939-431e-b6b7-93c015e11111.jpg\" alt=\"\" class=\"wp-image-1848\" srcset=\"https:\/\/suapoderado.com\/wp-content\/uploads\/2024\/02\/1d702d53-f939-431e-b6b7-93c015e11111.jpg 1024w, https:\/\/suapoderado.com\/wp-content\/uploads\/2024\/02\/1d702d53-f939-431e-b6b7-93c015e11111-300x300.jpg 300w, https:\/\/suapoderado.com\/wp-content\/uploads\/2024\/02\/1d702d53-f939-431e-b6b7-93c015e11111-150x150.jpg 150w, https:\/\/suapoderado.com\/wp-content\/uploads\/2024\/02\/1d702d53-f939-431e-b6b7-93c015e11111-768x768.jpg 768w\" sizes=\"(max-width: 1024px) 100vw, 1024px\" \/><\/figure>\n<\/div>\n\n\n\n<div class=\"wp-block-column is-layout-flow wp-block-column-is-layout-flow\" style=\"flex-basis:66.66%\">\n<p id=\"textojustificado\"><\/p>\n<\/div>\n<\/div>\n\n\n\n<p>En&nbsp;<strong>SuApoderado<\/strong>, nos comprometemos con nuestra comunidad ofreciendo servicios&nbsp;<strong>Pro Bono<\/strong>&nbsp;para quienes m\u00e1s lo necesitan. Si enfrentas una situaci\u00f3n legal y no tienes los recursos para costear asesor\u00eda jur\u00eddica, estamos aqu\u00ed para ayudarte.<\/p>\n\n\n\n<p><strong>\u00bfQu\u00e9 ofrecemos?<\/strong><br>\u2714 Asesor\u00eda legal en casos seleccionados.<br>\u2714 Orientaci\u00f3n personalizada de nuestros abogados expertos.<br>\u2714 Compromiso con la equidad y la justicia social.<\/p>\n\n\n\n<p><strong>\u00a1D\u00e9janos ser tu voz!<\/strong><br>Cont\u00e1ctanos al&nbsp;<strong>[57 + 3241884582]<\/strong>&nbsp;o escribe a&nbsp;<strong>mferrerhernandez<\/strong>@suapoderado.com, para conocer si tu caso aplica a nuestro programa Pro Bono.<\/p>\n\n\n\n<p><\/p>\n\n\n\n<p><\/p>\n\n\n\n<p>\ud83c\udf1f&nbsp;<strong>SuApoderado: Justicia para todos.<\/strong><\/p>\n\n\n\n<p><a href=\"https:\/\/www.suapoderado.com\/index.php\/contactanos\/\">Contacto \u2013 Suapoderado<\/a><\/p>\n\n\n\n<p><\/p>\n","protected":false},"excerpt":{"rendered":"<p>En&nbsp;SuApoderado, nos comprometemos con nuestra comunidad ofreciendo servicios&nbsp;Pro Bono&nbsp;para quienes m\u00e1s lo necesitan. Si enfrentas una situaci\u00f3n legal y no tienes los recursos para costear asesor\u00eda jur\u00eddica, estamos aqu\u00ed para ayudarte. \u00bfQu\u00e9 ofrecemos?\u2714 Asesor\u00eda legal en casos seleccionados.\u2714 Orientaci\u00f3n personalizada de nuestros abogados expertos.\u2714 Compromiso con la equidad y la justicia social. \u00a1D\u00e9janos ser tu&#8230;<\/p>\n","protected":false},"author":1,"featured_media":0,"parent":0,"menu_order":0,"comment_status":"closed","ping_status":"closed","template":"","meta":{"_kadence_starter_templates_imported_post":false,"_kad_post_transparent":"","_kad_post_title":"","_kad_post_layout":"","_kad_post_sidebar_id":"","_kad_post_content_style":"","_kad_post_vertical_padding":"","_kad_post_feature":"","_kad_post_feature_position":"","_kad_post_header":false,"_kad_post_footer":false,"footnotes":""},"class_list":["post-2065","page","type-page","status-publish","hentry"],"yoast_head":"<!-- This site is optimized with the Yoast SEO plugin v24.6 - https:\/\/yoast.com\/wordpress\/plugins\/seo\/ -->\n<title>Acciones Grupo - Suapoderado<\/title>\n<meta name=\"robots\" content=\"index, follow, max-snippet:-1, max-image-preview:large, max-video-preview:-1\" \/>\n<link rel=\"canonical\" href=\"https:\/\/suapoderado.com\/index.php\/acciones-populares\/\" \/>\n<meta property=\"og:locale\" content=\"es_ES\" \/>\n<meta property=\"og:type\" content=\"article\" \/>\n<meta property=\"og:title\" content=\"Acciones Grupo - Suapoderado\" \/>\n<meta property=\"og:description\" content=\"En&nbsp;SuApoderado, nos comprometemos con nuestra comunidad ofreciendo servicios&nbsp;Pro Bono&nbsp;para quienes m\u00e1s lo necesitan. Si enfrentas una situaci\u00f3n legal y no tienes los recursos para costear asesor\u00eda jur\u00eddica, estamos aqu\u00ed para ayudarte. \u00bfQu\u00e9 ofrecemos?\u2714 Asesor\u00eda legal en casos seleccionados.\u2714 Orientaci\u00f3n personalizada de nuestros abogados expertos.\u2714 Compromiso con la equidad y la justicia social. \u00a1D\u00e9janos ser tu...\" \/>\n<meta property=\"og:url\" content=\"https:\/\/suapoderado.com\/index.php\/acciones-populares\/\" \/>\n<meta property=\"og:site_name\" content=\"Suapoderado\" \/>\n<meta property=\"article:modified_time\" content=\"2025-02-10T03:00:41+00:00\" \/>\n<meta property=\"og:image\" content=\"http:\/\/www.suapoderado.com\/wp-content\/uploads\/2024\/02\/1d702d53-f939-431e-b6b7-93c015e11111.jpg\" \/>\n<meta name=\"twitter:card\" content=\"summary_large_image\" \/>\n<meta name=\"twitter:label1\" content=\"Tiempo de lectura\" \/>\n\t<meta name=\"twitter:data1\" content=\"1 minuto\" \/>\n<script type=\"application\/ld+json\" class=\"yoast-schema-graph\">{\"@context\":\"https:\/\/schema.org\",\"@graph\":[{\"@type\":\"WebPage\",\"@id\":\"https:\/\/suapoderado.com\/index.php\/acciones-populares\/\",\"url\":\"https:\/\/suapoderado.com\/index.php\/acciones-populares\/\",\"name\":\"Acciones Grupo - Suapoderado\",\"isPartOf\":{\"@id\":\"https:\/\/suapoderado.com\/#website\"},\"primaryImageOfPage\":{\"@id\":\"https:\/\/suapoderado.com\/index.php\/acciones-populares\/#primaryimage\"},\"image\":{\"@id\":\"https:\/\/suapoderado.com\/index.php\/acciones-populares\/#primaryimage\"},\"thumbnailUrl\":\"http:\/\/www.suapoderado.com\/wp-content\/uploads\/2024\/02\/1d702d53-f939-431e-b6b7-93c015e11111.jpg\",\"datePublished\":\"2024-02-19T03:55:10+00:00\",\"dateModified\":\"2025-02-10T03:00:41+00:00\",\"breadcrumb\":{\"@id\":\"https:\/\/suapoderado.com\/index.php\/acciones-populares\/#breadcrumb\"},\"inLanguage\":\"es-CO\",\"potentialAction\":[{\"@type\":\"ReadAction\",\"target\":[\"https:\/\/suapoderado.com\/index.php\/acciones-populares\/\"]}]},{\"@type\":\"ImageObject\",\"inLanguage\":\"es-CO\",\"@id\":\"https:\/\/suapoderado.com\/index.php\/acciones-populares\/#primaryimage\",\"url\":\"http:\/\/www.suapoderado.com\/wp-content\/uploads\/2024\/02\/1d702d53-f939-431e-b6b7-93c015e11111.jpg\",\"contentUrl\":\"http:\/\/www.suapoderado.com\/wp-content\/uploads\/2024\/02\/1d702d53-f939-431e-b6b7-93c015e11111.jpg\"},{\"@type\":\"BreadcrumbList\",\"@id\":\"https:\/\/suapoderado.com\/index.php\/acciones-populares\/#breadcrumb\",\"itemListElement\":[{\"@type\":\"ListItem\",\"position\":1,\"name\":\"Inicio\",\"item\":\"https:\/\/suapoderado.com\/\"},{\"@type\":\"ListItem\",\"position\":2,\"name\":\"Acciones Grupo\"}]},{\"@type\":\"WebSite\",\"@id\":\"https:\/\/suapoderado.com\/#website\",\"url\":\"https:\/\/suapoderado.com\/\",\"name\":\"Suapoderado\",\"description\":\"Ferrer &amp; Hern\u00e1ndez Abogados\",\"publisher\":{\"@id\":\"https:\/\/suapoderado.com\/#organization\"},\"potentialAction\":[{\"@type\":\"SearchAction\",\"target\":{\"@type\":\"EntryPoint\",\"urlTemplate\":\"https:\/\/suapoderado.com\/?s={search_term_string}\"},\"query-input\":{\"@type\":\"PropertyValueSpecification\",\"valueRequired\":true,\"valueName\":\"search_term_string\"}}],\"inLanguage\":\"es-CO\"},{\"@type\":\"Organization\",\"@id\":\"https:\/\/suapoderado.com\/#organization\",\"name\":\"Suapoderado\",\"alternateName\":\"Ferrer & Hernandez Abogados\",\"url\":\"https:\/\/suapoderado.com\/\",\"logo\":{\"@type\":\"ImageObject\",\"inLanguage\":\"es-CO\",\"@id\":\"https:\/\/suapoderado.com\/#\/schema\/logo\/image\/\",\"url\":\"http:\/\/www.suapoderado.com\/wp-content\/uploads\/2025\/02\/favicon_suapoderado_final_48x48.png\",\"contentUrl\":\"http:\/\/www.suapoderado.com\/wp-content\/uploads\/2025\/02\/favicon_suapoderado_final_48x48.png\",\"width\":48,\"height\":48,\"caption\":\"Suapoderado\"},\"image\":{\"@id\":\"https:\/\/suapoderado.com\/#\/schema\/logo\/image\/\"}}]}<\/script>\n<!-- \/ Yoast SEO plugin. -->","yoast_head_json":{"title":"Acciones Grupo - Suapoderado","robots":{"index":"index","follow":"follow","max-snippet":"max-snippet:-1","max-image-preview":"max-image-preview:large","max-video-preview":"max-video-preview:-1"},"canonical":"https:\/\/suapoderado.com\/index.php\/acciones-populares\/","og_locale":"es_ES","og_type":"article","og_title":"Acciones Grupo - Suapoderado","og_description":"En&nbsp;SuApoderado, nos comprometemos con nuestra comunidad ofreciendo servicios&nbsp;Pro Bono&nbsp;para quienes m\u00e1s lo necesitan. Si enfrentas una situaci\u00f3n legal y no tienes los recursos para costear asesor\u00eda jur\u00eddica, estamos aqu\u00ed para ayudarte. \u00bfQu\u00e9 ofrecemos?\u2714 Asesor\u00eda legal en casos seleccionados.\u2714 Orientaci\u00f3n personalizada de nuestros abogados expertos.\u2714 Compromiso con la equidad y la justicia social. \u00a1D\u00e9janos ser tu...","og_url":"https:\/\/suapoderado.com\/index.php\/acciones-populares\/","og_site_name":"Suapoderado","article_modified_time":"2025-02-10T03:00:41+00:00","og_image":[{"url":"http:\/\/www.suapoderado.com\/wp-content\/uploads\/2024\/02\/1d702d53-f939-431e-b6b7-93c015e11111.jpg","type":"","width":"","height":""}],"twitter_card":"summary_large_image","twitter_misc":{"Tiempo de lectura":"1 minuto"},"schema":{"@context":"https:\/\/schema.org","@graph":[{"@type":"WebPage","@id":"https:\/\/suapoderado.com\/index.php\/acciones-populares\/","url":"https:\/\/suapoderado.com\/index.php\/acciones-populares\/","name":"Acciones Grupo - Suapoderado","isPartOf":{"@id":"https:\/\/suapoderado.com\/#website"},"primaryImageOfPage":{"@id":"https:\/\/suapoderado.com\/index.php\/acciones-populares\/#primaryimage"},"image":{"@id":"https:\/\/suapoderado.com\/index.php\/acciones-populares\/#primaryimage"},"thumbnailUrl":"http:\/\/www.suapoderado.com\/wp-content\/uploads\/2024\/02\/1d702d53-f939-431e-b6b7-93c015e11111.jpg","datePublished":"2024-02-19T03:55:10+00:00","dateModified":"2025-02-10T03:00:41+00:00","breadcrumb":{"@id":"https:\/\/suapoderado.com\/index.php\/acciones-populares\/#breadcrumb"},"inLanguage":"es-CO","potentialAction":[{"@type":"ReadAction","target":["https:\/\/suapoderado.com\/index.php\/acciones-populares\/"]}]},{"@type":"ImageObject","inLanguage":"es-CO","@id":"https:\/\/suapoderado.com\/index.php\/acciones-populares\/#primaryimage","url":"http:\/\/www.suapoderado.com\/wp-content\/uploads\/2024\/02\/1d702d53-f939-431e-b6b7-93c015e11111.jpg","contentUrl":"http:\/\/www.suapoderado.com\/wp-content\/uploads\/2024\/02\/1d702d53-f939-431e-b6b7-93c015e11111.jpg"},{"@type":"BreadcrumbList","@id":"https:\/\/suapoderado.com\/index.php\/acciones-populares\/#breadcrumb","itemListElement":[{"@type":"ListItem","position":1,"name":"Inicio","item":"https:\/\/suapoderado.com\/"},{"@type":"ListItem","position":2,"name":"Acciones Grupo"}]},{"@type":"WebSite","@id":"https:\/\/suapoderado.com\/#website","url":"https:\/\/suapoderado.com\/","name":"Suapoderado","description":"Ferrer &amp; Hern\u00e1ndez Abogados","publisher":{"@id":"https:\/\/suapoderado.com\/#organization"},"potentialAction":[{"@type":"SearchAction","target":{"@type":"EntryPoint","urlTemplate":"https:\/\/suapoderado.com\/?s={search_term_string}"},"query-input":{"@type":"PropertyValueSpecification","valueRequired":true,"valueName":"search_term_string"}}],"inLanguage":"es-CO"},{"@type":"Organization","@id":"https:\/\/suapoderado.com\/#organization","name":"Suapoderado","alternateName":"Ferrer & Hernandez Abogados","url":"https:\/\/suapoderado.com\/","logo":{"@type":"ImageObject","inLanguage":"es-CO","@id":"https:\/\/suapoderado.com\/#\/schema\/logo\/image\/","url":"http:\/\/www.suapoderado.com\/wp-content\/uploads\/2025\/02\/favicon_suapoderado_final_48x48.png","contentUrl":"http:\/\/www.suapoderado.com\/wp-content\/uploads\/2025\/02\/favicon_suapoderado_final_48x48.png","width":48,"height":48,"caption":"Suapoderado"},"image":{"@id":"https:\/\/suapoderado.com\/#\/schema\/logo\/image\/"}}]}},"_links":{"self":[{"href":"https:\/\/suapoderado.com\/index.php\/wp-json\/wp\/v2\/pages\/2065","targetHints":{"allow":["GET"]}}],"collection":[{"href":"https:\/\/suapoderado.com\/index.php\/wp-json\/wp\/v2\/pages"}],"about":[{"href":"https:\/\/suapoderado.com\/index.php\/wp-json\/wp\/v2\/types\/page"}],"author":[{"embeddable":true,"href":"https:\/\/suapoderado.com\/index.php\/wp-json\/wp\/v2\/users\/1"}],"replies":[{"embeddable":true,"href":"https:\/\/suapoderado.com\/index.php\/wp-json\/wp\/v2\/comments?post=2065"}],"version-history":[{"count":5,"href":"https:\/\/suapoderado.com\/index.php\/wp-json\/wp\/v2\/pages\/2065\/revisions"}],"predecessor-version":[{"id":2527,"href":"https:\/\/suapoderado.com\/index.php\/wp-json\/wp\/v2\/pages\/2065\/revisions\/2527"}],"wp:attachment":[{"href":"https:\/\/suapoderado.com\/index.php\/wp-json\/wp\/v2\/media?parent=2065"}],"curies":[{"name":"wp","href":"https:\/\/api.w.org\/{rel}","templated":true}]}}